{"id":456,"date":"2018-10-30T15:42:43","date_gmt":"2018-10-30T15:42:43","guid":{"rendered":"https:\/\/osteopathie-goetze.de\/wordpress\/?page_id=456"},"modified":"2025-04-21T20:10:33","modified_gmt":"2025-04-21T18:10:33","slug":"vitae","status":"publish","type":"page","link":"https:\/\/www.osteopathie-goetze.de\/index.php\/vitae\/","title":{"rendered":"Vitae"},"content":{"rendered":"<ul style=\"padding-left: 15px;\">\n<li style=\"text-align: left;\">2000 Abitur in Bremerhaven<\/li>\n<li style=\"text-align: left;\">2000\/2001 Au pair in den USA<\/li>\n<li style=\"text-align: left;\">2007 Diplom-Sportwissenschaftlerin, DSHS K\u00f6ln<\/li>\n<li style=\"text-align: left;\">2007-2011 wiss. Mitarbeiterin, Deutsche Sporthochschule K\u00f6ln<\/li>\n<li style=\"text-align: left;\">2011 Geburt meines Sohnes<\/li>\n<li style=\"text-align: left;\">2013-2017 wiss. Mitarbeiterin, Uni Hamburg<\/li>\n<li style=\"text-align: left;\">2015 Doktorin der Sportwissenschaft, DSHS K\u00f6ln<\/li>\n<li style=\"text-align: left;\">2015-2020 SKOM (Privatschule f\u00fcr klassische osteopathische Medizin)<\/li>\n<li style=\"text-align: left;\">2018 Heilpraktikerin, Hamburg<\/li>\n<\/ul>\n<p><strong>Fortbildungen<\/strong><\/p>\n<ul>\n<li>2022-2023 Osteopathie f\u00fcr Kinder Teil 1-4 (KIOM &#8211; Kurse f\u00fcr Integrative Osteopathische Medizin von E. M\u00f6ckel)<\/li>\n<li>2024 Die Fl\u00fcssigkeitsebene der Faszien im Fokus &#8211; Das Fasziensystem und seine Behandlung in der osteopathischen Praxis (Still Academy, Jane Stark)<\/li>\n<li>2024 M2 &#8211; Osteopathie im kranialen Bereich (SCCO)<\/li>\n<li><span style=\"font-size: inherit;\">2025 <\/span>M2 &#8211; <span style=\"font-size: inherit;\">Osteopathie im kranialen Bereich (SCCO)<\/span><\/li>\n<li>2025 W.G. Sutherland D.O. &#8211; Sein Leben und seine Techniken (Still Academy, Jane Stark)<\/li>\n<\/ul>\n","protected":false},"excerpt":{"rendered":"<p>2000 Abitur in Bremerhaven<br \/>\n2000\/2001 Au pair in den USA<br \/>\n2007 Diplom-Sportwissenschaftlerin, DSHS K\u00f6ln<br \/>\n2007-2011 wiss. Mitarbeiterin, Deutsche Sporthochschule K\u00f6ln<br \/>\n2011 Geburt meines Sohnes<br \/>\n2013-2017 &#8230;<\/p>\n","protected":false},"author":1,"featured_media":0,"parent":0,"menu_order":0,"comment_status":"closed","ping_status":"closed","template":"","meta":[],"_links":{"self":[{"href":"https:\/\/www.osteopathie-goetze.de\/index.php\/wp-json\/wp\/v2\/pages\/456"}],"collection":[{"href":"https:\/\/www.osteopathie-goetze.de\/index.php\/wp-json\/wp\/v2\/pages"}],"about":[{"href":"https:\/\/www.osteopathie-goetze.de\/index.php\/wp-json\/wp\/v2\/types\/page"}],"author":[{"embeddable":true,"href":"https:\/\/www.osteopathie-goetze.de\/index.php\/wp-json\/wp\/v2\/users\/1"}],"replies":[{"embeddable":true,"href":"https:\/\/www.osteopathie-goetze.de\/index.php\/wp-json\/wp\/v2\/comments?post=456"}],"version-history":[{"count":10,"href":"https:\/\/www.osteopathie-goetze.de\/index.php\/wp-json\/wp\/v2\/pages\/456\/revisions"}],"predecessor-version":[{"id":1142,"href":"https:\/\/www.osteopathie-goetze.de\/index.php\/wp-json\/wp\/v2\/pages\/456\/revisions\/1142"}],"wp:attachment":[{"href":"https:\/\/www.osteopathie-goetze.de\/index.php\/wp-json\/wp\/v2\/media?parent=456"}],"curies":[{"name":"wp","href":"https:\/\/api.w.org\/{rel}","templated":true}]}}