{"id":371,"date":"2018-10-30T10:50:03","date_gmt":"2018-10-30T10:50:03","guid":{"rendered":"https:\/\/osteopathie-goetze.de\/wordpress\/?page_id=371"},"modified":"2021-05-03T11:39:16","modified_gmt":"2021-05-03T11:39:16","slug":"schwangere","status":"publish","type":"page","link":"https:\/\/www.osteopathie-goetze.de\/index.php\/osteopathie\/schwangere\/","title":{"rendered":"Behandlungsschwerpunkte Schwangere"},"content":{"rendered":"<p>W\u00e4hrend der Schwangerschaft wirken hormonelle und k\u00f6rperliche Anpassungen auf den Organismus. Dabei kommt es zu Ver\u00e4nderungen der Druck-, Gewichts- und Volumenbelastungen, die den Bauch- und Beckenbereich, aber auch die Wirbels\u00e4ule beeinflussen k\u00f6nnen. W\u00e4hrend dieser enormen Anpassungsleistung kann es zu bekannten Schwangerschaftsleiden kommen. Hierzu z\u00e4hlen oft Schmerzen am Bewegungsapparat, wie R\u00fcckenschmerzen oder Symphysenschmerzen. Aber auch Wassereinlagerungen und Sodbrennen sind h\u00e4ufige Leiden w\u00e4hrend der Schwangerschaft. Die Osteopathie zielt w\u00e4hrend dieser besonderen Zeit vor allem darauf ab, einen positiven Schwangerschafts- und Geburtsverlauf zu f\u00f6rdern. Nach der Geburt soll sie den K\u00f6rper in der R\u00fcckbildung unterst\u00fctzen und eventuelle Geburtstraumen behandeln.<\/p>\n<p class=\"western\" style=\"text-align: left;\">Aus rechtlichen Gr\u00fcnden wird darauf hingewiesen, dass in der Benennung der beispielhaft aufgef\u00fchrten Anwendungsgebiete kein Heilversprechen oder die Garantie einer Linderung oder Verbesserung der aufgef\u00fchrten Krankheitsbilder gegeben wird. Es wird empfohlen mit Ihren Beschwerden zun\u00e4chst einen Arzt zu konsultieren, bevor sie sich osteopathisch behandeln lassen.<\/p>\n","protected":false},"excerpt":{"rendered":"<p>W\u00e4hrend der Schwangerschaft wirken hormonelle und k\u00f6rperliche Anpassungen auf den Organismus. Dabei kommt es zu Ver\u00e4nderungen der Druck-, Gewichts- und &#8230;<\/p>\n","protected":false},"author":1,"featured_media":0,"parent":33,"menu_order":0,"comment_status":"closed","ping_status":"closed","template":"","meta":[],"_links":{"self":[{"href":"https:\/\/www.osteopathie-goetze.de\/index.php\/wp-json\/wp\/v2\/pages\/371"}],"collection":[{"href":"https:\/\/www.osteopathie-goetze.de\/index.php\/wp-json\/wp\/v2\/pages"}],"about":[{"href":"https:\/\/www.osteopathie-goetze.de\/index.php\/wp-json\/wp\/v2\/types\/page"}],"author":[{"embeddable":true,"href":"https:\/\/www.osteopathie-goetze.de\/index.php\/wp-json\/wp\/v2\/users\/1"}],"replies":[{"embeddable":true,"href":"https:\/\/www.osteopathie-goetze.de\/index.php\/wp-json\/wp\/v2\/comments?post=371"}],"version-history":[{"count":9,"href":"https:\/\/www.osteopathie-goetze.de\/index.php\/wp-json\/wp\/v2\/pages\/371\/revisions"}],"predecessor-version":[{"id":906,"href":"https:\/\/www.osteopathie-goetze.de\/index.php\/wp-json\/wp\/v2\/pages\/371\/revisions\/906"}],"up":[{"embeddable":true,"href":"https:\/\/www.osteopathie-goetze.de\/index.php\/wp-json\/wp\/v2\/pages\/33"}],"wp:attachment":[{"href":"https:\/\/www.osteopathie-goetze.de\/index.php\/wp-json\/wp\/v2\/media?parent=371"}],"curies":[{"name":"wp","href":"https:\/\/api.w.org\/{rel}","templated":true}]}}