{"id":333,"date":"2018-10-29T20:50:51","date_gmt":"2018-10-29T20:50:51","guid":{"rendered":"https:\/\/osteopathie-goetze.de\/wordpress\/?page_id=333"},"modified":"2021-05-03T11:40:49","modified_gmt":"2021-05-03T11:40:49","slug":"kinder-jugendliche","status":"publish","type":"page","link":"https:\/\/www.osteopathie-goetze.de\/index.php\/osteopathie\/kinder-jugendliche\/","title":{"rendered":"Behandlungsschwerpunkte Kinder\/Jugendliche"},"content":{"rendered":"<p>Im Laufe der Entwicklung ist der wachsende K\u00f6rper stetigen Ver\u00e4nderungen unterzogen. Hierbei kann es zu Beckenschiefst\u00e4nden, Fehlhaltungen oder sogar Skoliose kommen, die der K\u00f6rper nicht selbst ausgleichen kann. Aber auch Knick- und\/oder Senkf\u00fc\u00dfe oder ein innenrotierter Gang k\u00f6nnen vorkommen.<br \/>\nIn bestimmten Wachstumsphasen klagen Kinder manchmal \u00fcber Wachstumsschmer- zen, aber auch Gleichgewichtsproblematiken. Konzentrationsschwierigkeiten, eine verlangsamte motorische Entwicklung oder Probleme mit der Feinmotorik k\u00f6nnen ebenfalls vorkommen.<br \/>\nAuch Kopfschmerzen oder Migr\u00e4ne sind in unserer heutigen Zeit leider schon h\u00e4ufig bei Kindern und Jugendlichen zu beobachten.<br \/>\nChronische Infekte wie Schnupfen, Bronchitis oder Mittelohrentz\u00fcndungen sind h\u00e4ufige Symptomatiken im Praxisalltag.<br \/>\nZudem bietet die Osteopathie die M\u00f6glichkeit eines unterst\u00fctzenden Heilungsverlaufs nach Unf\u00e4llen, Traumen, Br\u00fcchen oder Operationen.<\/p>\n<p class=\"western\" style=\"text-align: left;\">Aus rechtlichen Gr\u00fcnden wird darauf hingewiesen, dass in der Benennung der beispielhaft aufgef\u00fchrten Anwendungsgebiete kein Heilversprechen oder die Garantie einer Linderung oder Verbesserung der aufgef\u00fchrten Krankheitsbilder gegeben wird. Es wird empfohlen mit Ihren Beschwerden zun\u00e4chst einen Arzt zu konsultieren, bevor sie sich osteopathisch behandeln lassen.<\/p>\n","protected":false},"excerpt":{"rendered":"<p>Im Laufe der Entwicklung ist der wachsende K\u00f6rper stetigen Ver\u00e4nderungen unterzogen. Hierbei kann es zu Beckenschiefst\u00e4nden, Fehlhaltungen oder sogar Skoliose &#8230;<\/p>\n","protected":false},"author":1,"featured_media":0,"parent":33,"menu_order":0,"comment_status":"closed","ping_status":"closed","template":"","meta":[],"_links":{"self":[{"href":"https:\/\/www.osteopathie-goetze.de\/index.php\/wp-json\/wp\/v2\/pages\/333"}],"collection":[{"href":"https:\/\/www.osteopathie-goetze.de\/index.php\/wp-json\/wp\/v2\/pages"}],"about":[{"href":"https:\/\/www.osteopathie-goetze.de\/index.php\/wp-json\/wp\/v2\/types\/page"}],"author":[{"embeddable":true,"href":"https:\/\/www.osteopathie-goetze.de\/index.php\/wp-json\/wp\/v2\/users\/1"}],"replies":[{"embeddable":true,"href":"https:\/\/www.osteopathie-goetze.de\/index.php\/wp-json\/wp\/v2\/comments?post=333"}],"version-history":[{"count":10,"href":"https:\/\/www.osteopathie-goetze.de\/index.php\/wp-json\/wp\/v2\/pages\/333\/revisions"}],"predecessor-version":[{"id":917,"href":"https:\/\/www.osteopathie-goetze.de\/index.php\/wp-json\/wp\/v2\/pages\/333\/revisions\/917"}],"up":[{"embeddable":true,"href":"https:\/\/www.osteopathie-goetze.de\/index.php\/wp-json\/wp\/v2\/pages\/33"}],"wp:attachment":[{"href":"https:\/\/www.osteopathie-goetze.de\/index.php\/wp-json\/wp\/v2\/media?parent=333"}],"curies":[{"name":"wp","href":"https:\/\/api.w.org\/{rel}","templated":true}]}}