{"id":176,"date":"2018-10-23T11:56:27","date_gmt":"2018-10-23T11:56:27","guid":{"rendered":"https:\/\/osteopathie-goetze.de\/?page_id=176"},"modified":"2022-09-06T11:28:37","modified_gmt":"2022-09-06T09:28:37","slug":"willkommen","status":"publish","type":"page","link":"https:\/\/www.osteopathie-goetze.de\/","title":{"rendered":"Kennenlernen &#038; Wohlf\u00fchlen"},"content":{"rendered":"<p style=\"text-align: left;\">Leben zeigt sich durch Bewegung und wo diese nicht stattfinden kann, entsteht Raum f\u00fcr Krankheit. Dies ist der Grundgedanke der Osteopathie. Sie ist eine sanfte und ganzheitliche Therapie und erm\u00f6glicht somit die Behandlung aller Altersklassen. In der Praxis hat sie sich bei vielf\u00e4ltigen k\u00f6rperlichen Beschwerden bew\u00e4hrt, so geh\u00f6rt der klassische R\u00fcckenschmerz zu einem der h\u00e4ufigsten Beschwerdebilder im Praxisalltag.<\/p>\n<p style=\"text-align: left;\">Mit meiner langj\u00e4hrigen Erfahrung als Sportwissenschaftlerin und Heilpraktikerin mit Schwerpunkt Osteopathie hole ich Sie dort ab, wo Sie gerade stehen. Damit biete ich Ihnen eine, auf Ihre Bed\u00fcrfnisse abgestimmte, pers\u00f6nliche Behandlung. Erfahren Sie mehr \u00fcber mich und meine Arbeit in Hamburg Altona auf den kommenden Seiten.<\/p>\n<p style=\"text-align: left;\">\u201eMich interessiert nicht, wie Menschen sich bewegen, sondern was sie bewegt.\u201c <br class=\"clear\" \/>(Pina Bausch 1940-2009)<\/p>\n<p style=\"text-align: left;\">\n","protected":false},"excerpt":{"rendered":"<p style=\"text-align: left;\">Leben zeigt sich durch Bewegung und wo diese nicht stattfinden kann, entsteht Raum f\u00fcr Krankheit. Dies ist der &#8230;<\/p>\n","protected":false},"author":1,"featured_media":316,"parent":0,"menu_order":0,"comment_status":"closed","ping_status":"closed","template":"","meta":[],"_links":{"self":[{"href":"https:\/\/www.osteopathie-goetze.de\/index.php\/wp-json\/wp\/v2\/pages\/176"}],"collection":[{"href":"https:\/\/www.osteopathie-goetze.de\/index.php\/wp-json\/wp\/v2\/pages"}],"about":[{"href":"https:\/\/www.osteopathie-goetze.de\/index.php\/wp-json\/wp\/v2\/types\/page"}],"author":[{"embeddable":true,"href":"https:\/\/www.osteopathie-goetze.de\/index.php\/wp-json\/wp\/v2\/users\/1"}],"replies":[{"embeddable":true,"href":"https:\/\/www.osteopathie-goetze.de\/index.php\/wp-json\/wp\/v2\/comments?post=176"}],"version-history":[{"count":9,"href":"https:\/\/www.osteopathie-goetze.de\/index.php\/wp-json\/wp\/v2\/pages\/176\/revisions"}],"predecessor-version":[{"id":1122,"href":"https:\/\/www.osteopathie-goetze.de\/index.php\/wp-json\/wp\/v2\/pages\/176\/revisions\/1122"}],"wp:featuredmedia":[{"embeddable":true,"href":"https:\/\/www.osteopathie-goetze.de\/index.php\/wp-json\/wp\/v2\/media\/316"}],"wp:attachment":[{"href":"https:\/\/www.osteopathie-goetze.de\/index.php\/wp-json\/wp\/v2\/media?parent=176"}],"curies":[{"name":"wp","href":"https:\/\/api.w.org\/{rel}","templated":true}]}}